{"id":277,"date":"2020-08-10T08:27:13","date_gmt":"2020-08-10T08:27:13","guid":{"rendered":"https:\/\/zakrademos.com\/yoga\/?page_id=277"},"modified":"2023-03-24T12:11:40","modified_gmt":"2023-03-24T12:11:40","slug":"kesfedelim","status":"publish","type":"page","link":"http:\/\/hasanozcan.com\/index.php\/kesfedelim\/","title":{"rendered":"Ke\u015ffedelim"},"content":{"rendered":"\t\t<div data-elementor-type=\"wp-post\" data-elementor-id=\"277\" class=\"elementor elementor-277\">\n\t\t\t\t\t\t\t\t\t<section class=\"elementor-section elementor-top-section elementor-element elementor-element-69406534 elementor-section-content-middle elementor-section-boxed elementor-section-height-default elementor-section-height-default\" data-id=\"69406534\" data-element_type=\"section\" data-settings=\"{&quot;background_background&quot;:&quot;classic&quot;}\">\n\t\t\t\t\t\t<div class=\"elementor-container elementor-column-gap-no\">\n\t\t\t\t\t<div class=\"elementor-column elementor-col-100 elementor-top-column elementor-element elementor-element-5d7f45f9\" data-id=\"5d7f45f9\" data-element_type=\"column\">\n\t\t\t<div class=\"elementor-widget-wrap elementor-element-populated\">\n\t\t\t\t\t\t\t\t<div class=\"elementor-element elementor-element-20e44dfd elementor-widget elementor-widget-heading\" data-id=\"20e44dfd\" data-element_type=\"widget\" data-widget_type=\"heading.default\">\n\t\t\t\t<div class=\"elementor-widget-container\">\n\t\t\t<style>\/*! elementor - v3.10.1 - 17-01-2023 *\/\n.elementor-heading-title{padding:0;margin:0;line-height:1}.elementor-widget-heading .elementor-heading-title[class*=elementor-size-]>a{color:inherit;font-size:inherit;line-height:inherit}.elementor-widget-heading .elementor-heading-title.elementor-size-small{font-size:15px}.elementor-widget-heading .elementor-heading-title.elementor-size-medium{font-size:19px}.elementor-widget-heading .elementor-heading-title.elementor-size-large{font-size:29px}.elementor-widget-heading .elementor-heading-title.elementor-size-xl{font-size:39px}.elementor-widget-heading .elementor-heading-title.elementor-size-xxl{font-size:59px}<\/style><h3 class=\"elementor-heading-title elementor-size-default\">Ke\u015ffedelim<\/h3>\t\t<\/div>\n\t\t\t\t<\/div>\n\t\t\t\t\t<\/div>\n\t\t<\/div>\n\t\t\t\t\t\t\t<\/div>\n\t\t<\/section>\n\t\t\t\t<section class=\"elementor-section elementor-top-section elementor-element elementor-element-b0eb690 elementor-section-boxed elementor-section-height-default elementor-section-height-default\" data-id=\"b0eb690\" data-element_type=\"section\">\n\t\t\t\t\t\t<div class=\"elementor-container elementor-column-gap-default\">\n\t\t\t\t\t<div class=\"elementor-column elementor-col-100 elementor-top-column elementor-element elementor-element-9506761\" data-id=\"9506761\" data-element_type=\"column\">\n\t\t\t<div class=\"elementor-widget-wrap elementor-element-populated\">\n\t\t\t\t\t\t\t\t<div class=\"elementor-element elementor-element-b72d99c elementor-widget elementor-widget-spacer\" data-id=\"b72d99c\" data-element_type=\"widget\" data-widget_type=\"spacer.default\">\n\t\t\t\t<div class=\"elementor-widget-container\">\n\t\t\t<style>\/*! elementor - v3.10.1 - 17-01-2023 *\/\n.elementor-column .elementor-spacer-inner{height:var(--spacer-size)}.e-con{--container-widget-width:100%}.e-con-inner>.elementor-widget-spacer,.e-con>.elementor-widget-spacer{width:var(--container-widget-width,var(--spacer-size));--align-self:var(--container-widget-align-self,initial);--flex-shrink:0}.e-con-inner>.elementor-widget-spacer>.elementor-widget-container,.e-con-inner>.elementor-widget-spacer>.elementor-widget-container>.elementor-spacer,.e-con>.elementor-widget-spacer>.elementor-widget-container,.e-con>.elementor-widget-spacer>.elementor-widget-container>.elementor-spacer{height:100%}.e-con-inner>.elementor-widget-spacer>.elementor-widget-container>.elementor-spacer>.elementor-spacer-inner,.e-con>.elementor-widget-spacer>.elementor-widget-container>.elementor-spacer>.elementor-spacer-inner{height:var(--container-widget-height,var(--spacer-size))}<\/style>\t\t<div class=\"elementor-spacer\">\n\t\t\t<div class=\"elementor-spacer-inner\"><\/div>\n\t\t<\/div>\n\t\t\t\t<\/div>\n\t\t\t\t<\/div>\n\t\t\t\t\t<\/div>\n\t\t<\/div>\n\t\t\t\t\t\t\t<\/div>\n\t\t<\/section>\n\t\t\t\t<section class=\"elementor-section elementor-top-section elementor-element elementor-element-d2d7b43 elementor-section-boxed elementor-section-height-default elementor-section-height-default\" data-id=\"d2d7b43\" data-element_type=\"section\">\n\t\t\t\t\t\t<div class=\"elementor-container elementor-column-gap-default\">\n\t\t\t\t\t<div class=\"elementor-column elementor-col-50 elementor-top-column elementor-element elementor-element-524fafb\" data-id=\"524fafb\" data-element_type=\"column\">\n\t\t\t<div class=\"elementor-widget-wrap elementor-element-populated\">\n\t\t\t\t\t\t\t\t<div class=\"elementor-element elementor-element-312bda6 elementor-widget elementor-widget-image\" data-id=\"312bda6\" data-element_type=\"widget\" data-widget_type=\"image.default\">\n\t\t\t\t<div class=\"elementor-widget-container\">\n\t\t\t<style>\/*! elementor - v3.10.1 - 17-01-2023 *\/\n.elementor-widget-image{text-align:center}.elementor-widget-image a{display:inline-block}.elementor-widget-image a img[src$=\".svg\"]{width:48px}.elementor-widget-image img{vertical-align:middle;display:inline-block}<\/style>\t\t\t\t\t\t\t\t\t\t\t\t<img loading=\"lazy\" decoding=\"async\" width=\"700\" height=\"500\" src=\"http:\/\/hasanozcan.com\/wp-content\/uploads\/2023\/03\/hasang12.jpg\" class=\"attachment-full size-full wp-image-528\" alt=\"\" srcset=\"http:\/\/hasanozcan.com\/wp-content\/uploads\/2023\/03\/hasang12.jpg 700w, http:\/\/hasanozcan.com\/wp-content\/uploads\/2023\/03\/hasang12-300x214.jpg 300w\" sizes=\"auto, (max-width: 700px) 100vw, 700px\" \/>\t\t\t\t\t\t\t\t\t\t\t\t\t\t\t<\/div>\n\t\t\t\t<\/div>\n\t\t\t\t\t<\/div>\n\t\t<\/div>\n\t\t\t\t<div class=\"elementor-column elementor-col-50 elementor-top-column elementor-element elementor-element-a145dea\" data-id=\"a145dea\" data-element_type=\"column\">\n\t\t\t<div class=\"elementor-widget-wrap elementor-element-populated\">\n\t\t\t\t\t\t\t\t<div class=\"elementor-element elementor-element-b2a1204 elementor-widget elementor-widget-text-editor\" data-id=\"b2a1204\" data-element_type=\"widget\" data-widget_type=\"text-editor.default\">\n\t\t\t\t<div class=\"elementor-widget-container\">\n\t\t\t<style>\/*! elementor - v3.10.1 - 17-01-2023 *\/\n.elementor-widget-text-editor.elementor-drop-cap-view-stacked .elementor-drop-cap{background-color:#818a91;color:#fff}.elementor-widget-text-editor.elementor-drop-cap-view-framed .elementor-drop-cap{color:#818a91;border:3px solid;background-color:transparent}.elementor-widget-text-editor:not(.elementor-drop-cap-view-default) .elementor-drop-cap{margin-top:8px}.elementor-widget-text-editor:not(.elementor-drop-cap-view-default) .elementor-drop-cap-letter{width:1em;height:1em}.elementor-widget-text-editor .elementor-drop-cap{float:left;text-align:center;line-height:1;font-size:50px}.elementor-widget-text-editor .elementor-drop-cap-letter{display:inline-block}<\/style>\t\t\t\t<p>Ultrasonografi ve Renkli Doppler ultrasonografi alan\u0131nda tan\u0131sal ve giri\u015fimsel<br \/>radyolojik i\u015flemler ger\u00e7ekle\u015ftirmekteyiz.<\/p><p><br \/>Ultrasonografi alan\u0131ndaki klinik deneyim ve \u00e7al\u0131\u015fmalar\u0131m\u0131z, Ankara \u00dcniversitesi<br \/>T\u0131p Fak\u00fcltesi \u0130bni Sina Hastanesi\u2019nde ba\u015flay\u0131p, 2006 A\u011fustosundan itibaren<br \/>Kavakl\u0131dere G\u00fcniz sokaktaki adresimizde, 2020 Eyl\u00fcl ay\u0131ndan bu yana ise Maidan i\u015f<br \/>merkezindeki mevcut adresimizde s\u00fcregelmektedir.<\/p>\t\t\t\t\t\t<\/div>\n\t\t\t\t<\/div>\n\t\t\t\t\t<\/div>\n\t\t<\/div>\n\t\t\t\t\t\t\t<\/div>\n\t\t<\/section>\n\t\t\t\t<section class=\"elementor-section elementor-top-section elementor-element elementor-element-d72beba elementor-section-boxed elementor-section-height-default elementor-section-height-default\" data-id=\"d72beba\" data-element_type=\"section\">\n\t\t\t\t\t\t<div class=\"elementor-container elementor-column-gap-default\">\n\t\t\t\t\t<div class=\"elementor-column elementor-col-50 elementor-top-column elementor-element elementor-element-9eec9d4\" data-id=\"9eec9d4\" data-element_type=\"column\">\n\t\t\t<div class=\"elementor-widget-wrap elementor-element-populated\">\n\t\t\t\t\t\t\t\t<div class=\"elementor-element elementor-element-596a285 elementor-widget elementor-widget-image\" data-id=\"596a285\" data-element_type=\"widget\" data-widget_type=\"image.default\">\n\t\t\t\t<div class=\"elementor-widget-container\">\n\t\t\t\t\t\t\t\t\t\t\t\t\t\t\t<img loading=\"lazy\" decoding=\"async\" width=\"700\" height=\"500\" src=\"http:\/\/hasanozcan.com\/wp-content\/uploads\/2023\/03\/hasang11.jpg\" class=\"attachment-full size-full wp-image-527\" alt=\"\" srcset=\"http:\/\/hasanozcan.com\/wp-content\/uploads\/2023\/03\/hasang11.jpg 700w, http:\/\/hasanozcan.com\/wp-content\/uploads\/2023\/03\/hasang11-300x214.jpg 300w\" sizes=\"auto, (max-width: 700px) 100vw, 700px\" \/>\t\t\t\t\t\t\t\t\t\t\t\t\t\t\t<\/div>\n\t\t\t\t<\/div>\n\t\t\t\t\t<\/div>\n\t\t<\/div>\n\t\t\t\t<div class=\"elementor-column elementor-col-50 elementor-top-column elementor-element elementor-element-bcd265d\" data-id=\"bcd265d\" data-element_type=\"column\">\n\t\t\t<div class=\"elementor-widget-wrap elementor-element-populated\">\n\t\t\t\t\t\t\t\t<div class=\"elementor-element elementor-element-be18b03 elementor-widget elementor-widget-text-editor\" data-id=\"be18b03\" data-element_type=\"widget\" data-widget_type=\"text-editor.default\">\n\t\t\t\t<div class=\"elementor-widget-container\">\n\t\t\t\t\t\t\t<p>Son birka\u00e7 10 y\u0131lda ya\u015fanan ba\u015f d\u00f6nd\u00fcr\u00fcc\u00fc teknolojik geli\u015fmeler tan\u0131sal Radyolojik<br \/>alanda da \u00f6nemli ilerlemelerin kap\u0131s\u0131n\u0131 a\u00e7m\u0131\u015f olup tan\u0131 y\u00f6ntemleri hastal\u0131klar\u0131n<br \/>daha iyi tan\u0131nmas\u0131nda ve etkin bi\u00e7imde tedavi edilmesinde \u00f6nemli rol oynam\u0131\u015ft\u0131r.<\/p>\t\t\t\t\t\t<\/div>\n\t\t\t\t<\/div>\n\t\t\t\t\t<\/div>\n\t\t<\/div>\n\t\t\t\t\t\t\t<\/div>\n\t\t<\/section>\n\t\t\t\t\t\t\t<\/div>\n\t\t","protected":false},"excerpt":{"rendered":"<p>Ke\u015ffedelim Ultrasonografi ve Renkli Doppler ultrasonografi alan\u0131nda tan\u0131sal ve giri\u015fimselradyolojik i\u015flemler ger\u00e7ekle\u015ftirmekteyiz. Ultrasonografi alan\u0131ndaki klinik deneyim ve \u00e7al\u0131\u015fmalar\u0131m\u0131z, Ankara \u00dcniversitesiT\u0131p Fak\u00fcltesi \u0130bni Sina Hastanesi\u2019nde ba\u015flay\u0131p, 2006 A\u011fustosundan itibarenKavakl\u0131dere G\u00fcniz sokaktaki adresimizde, 2020 Eyl\u00fcl ay\u0131ndan bu yana ise Maidan i\u015fmerkezindeki mevcut adresimizde s\u00fcregelmektedir. Son birka\u00e7 10 y\u0131lda ya\u015fanan ba\u015f d\u00f6nd\u00fcr\u00fcc\u00fc teknolojik geli\u015fmeler tan\u0131sal Radyolojikalanda da \u00f6nemli [&hellip;]<\/p>\n","protected":false},"author":1,"featured_media":0,"parent":0,"menu_order":0,"comment_status":"closed","ping_status":"closed","template":"elementor_header_footer","meta":{"footnotes":""},"class_list":["post-277","page","type-page","status-publish","hentry"],"_links":{"self":[{"href":"http:\/\/hasanozcan.com\/index.php\/wp-json\/wp\/v2\/pages\/277","targetHints":{"allow":["GET"]}}],"collection":[{"href":"http:\/\/hasanozcan.com\/index.php\/wp-json\/wp\/v2\/pages"}],"about":[{"href":"http:\/\/hasanozcan.com\/index.php\/wp-json\/wp\/v2\/types\/page"}],"author":[{"embeddable":true,"href":"http:\/\/hasanozcan.com\/index.php\/wp-json\/wp\/v2\/users\/1"}],"replies":[{"embeddable":true,"href":"http:\/\/hasanozcan.com\/index.php\/wp-json\/wp\/v2\/comments?post=277"}],"version-history":[{"count":13,"href":"http:\/\/hasanozcan.com\/index.php\/wp-json\/wp\/v2\/pages\/277\/revisions"}],"predecessor-version":[{"id":593,"href":"http:\/\/hasanozcan.com\/index.php\/wp-json\/wp\/v2\/pages\/277\/revisions\/593"}],"wp:attachment":[{"href":"http:\/\/hasanozcan.com\/index.php\/wp-json\/wp\/v2\/media?parent=277"}],"curies":[{"name":"wp","href":"https:\/\/api.w.org\/{rel}","templated":true}]}}